e 6) to base 5.
-1144020
Convert -49b3a (base 13) to base 6.
-2525141
What is -2a1142 (base 12) in base 4?
-2230212002
3415e (base 15) to base 16
28739
144557 (base 11) to base 16
37146
What is 26006 (base 9) in base 15?
52bc
7382204 (base 9) to base 12
13a67aa
What is 13540620 (base 7) in base 4?
10312022211
Convert 14101112 (base 5) to base 11.
99135
-32023b (base 14) to base 7
-20241204
What is 773b74 (base 12) in base 7?
22045243
11043441 (base 5) to base 4
113213222
Convert 5174817 (base 9) to base 12.
b14681
What is -1ba88 (base 13) in base 8?
-152402
21002040 (base 5) to base 2
101010000001110001
What is -205664343 (base 7) in base 6?
-1114121513
What is 5596195 (base 10) in base 15?
7581ea
-44332035 (base 6) to base 13
-379295
Convert 184b77 (base 12) to base 6.
13023431
Convert -45022 (base 12) to base 4.
-112113122
What is -3130427 (base 12) in base 5?
-4333111344
Convert 5177773 (base 9) to base 3.
12012121212110
Convert -550245404 (base 6) to base 13.
-205a7b5
Convert 414679 (base 11) to base 3.
1020210011221
What is -2638140 (base 10) in base 13?
-714a3b
-10000111010100100 (base 2) to base 14
-1b36c
Convert -267aa (base 15) to base 4.
-132011203
Convert b3b9a (base 12) to base 2.
111001010111100110
What is 325122 (base 10) in base 11?
2022a6
Convert -302825 (base 15) to base 11.
-1322048
What is 9b30 (base 13) in base 2?
101010010100111
-212110222212121 (base 3) to base 2
-101111100110100111010010
What is 1119330 (base 11) in base 3?
10200120002211
Convert -adc17 (base 14) to base 12.
-1843b9
12345055 (base 7) to base 10
1120621
Convert 249544a (base 12) to base 16.
6d4d3a
What is 379997 (base 11) in base 15?
bc65e
Convert -10310341 (base 5) to base 4.
-111202131
Convert -10000210202220 (base 3) to base 15.
-21c166
47275375 (base 8) to base 5
10120230022
Convert 220111233 (base 4) to base 15.
33e56
-9a741a (base 13) to base 8
-15713675
What is -68139 (base 16) in base 13?
-11c061
3b2bda (base 14) to base 8
7627754
What is -214211 (base 7) in base 2?
-1001001001110101
What is 10b52d (base 14) in base 3?
1001220120011
What is -41166 (base 11) in base 4?
-32222320
a4a21 (base 13) to base 12
123443
Convert 699050a (base 11) to base 7.
205536123
32624 (base 11) to base 4
23203221
Convert -129157 (base 10) to base 9.
-216147
What is 298245 (base 12) in base 11?
437838
-a93 (base 11) to base 2
-10100100000
-58801 (base 16) to base 4
-1120200001
Convert 641d6 (base 14) to base 7.
2025056
Convert -2b8941 (base 12) to base 7.
-6204100
What is -102010020021 (base 3) in base 7?
-1601050
What is c2a0d (base 15) in base 9?
1138624
What is 111021403 (base 5) in base 6?
14225153
What is 33cbc0 (base 15) in base 3?
11122122112100
301422450 (base 6) to base 3
100122010001110
What is a1aa4 (base 11) in base 2?
100100011001001001
-46ab086 (base 12) to base 15
-12ed633
-4848100 (base 10) to base 5
-2220114400
Convert 22110211202012 (base 3) to base 5.
2123114212
What is -615720 (base 8) in base 16?
-31bd0
Convert 149254d (base 14) to base 12.
343a249
What is 1000001001010111000 (base 2) in base 9?
446145
Convert -221011001020 (base 3) to base 11.
-308a12
-530891 (base 10) to base 5
-113442031
What is 1010010101101111111 (base 2) in base 14?
8b691
-11023111313 (base 4) to base 15
-1bc1d5
What is -732508 (base 9) in base 11?
-277821
98440a (base 11) to base 16
17fe35
What is -24a775 (base 14) in base 4?
-10303023303
8823918 (base 10) to base 16
86a46e
-119729 (base 14) to base 5
-123233340
What is 8c78b (base 13) in base 8?
764226
What is 22063486 (base 9) in base 10?
10670775
What is 27457 (base 10) in base 9?
41587
Convert 2011100002120 (base 3) to base 11.
714769
1130305242 (base 6) to base 9
25666548
-509399 (base 10) to base 16
-7c5d7
What is 1220530 (base 7) in base 9?
257401
22579 (base 10) to base 2
101100000110011
What is 17d9d7 (base 16) in base 5?
400004340
What is c175d (base 14) in base 8?
1614447
-c03d2a (base 14) to base 10
-6464706
What is 16727 (base 12) in base 6?
404451
-1013616 (base 10) to base 11
-6325aa
-15410343 (base 6) to base 12
-2239b3
Convert 1001111000111011100 (base 2) to base 8.
1170734
Convert 233344 (base 7) to base 6.
522321
313d8 (base 14) to base 3
20000220220
Convert 1141501555 (base 6) to base 12.
44118bb
What is 100111001000010001010 (base 2) in base 9?
2363741
-379987 (base 10) to base 13
-103c5a
Convert 2111202222 (base 3) to base 16.
c101
Convert 12146747 (base 8) to base 5.
1141033101
Convert -11420233 (base 5) to base 16.
-1a430
275597 (base 10) to base 16
4348d
4015447 (base 9) to base 4
20021210101
What is -2316431 (base 8) in base 4?
-2121310121
-25a1a4 (base 11) to base 15
-8121c
Convert -6141033 (base 7) to base 9.
-1336030
What is -122320112 (base 5) in base 16?
-8fbee
-7e0df1 (base 16) to base 10
-8261105
-1110221110121 (base 3) to base 9
-1427417
What is 29330a (base 13) in base 5?
224203433
-1d68d (base 15) to base 16
-176ef
What is 13321423 (base 5) in base 3?
20220100222
What is -642397 (base 10) in base 2?
-10011100110101011101
-41038 (base 13) to base 6
-2255144
1000101000101110110 (base 2) to base 13
9ba71
Convert 648a459 (base 11) to base 4.
223200110030
Convert 47014a8 (base 11) to base 8.
37255756
55aa85 (base 15) to base 16
3e596d
Convert 5cbe1 (base 16) to base 6.
12050401
What is -164502 (base 14) in base 13?
-214205
202143042 (base 7) to base 5
11004323440
What is -65301 (base 7) in base 13?
-7536
-200120021 (base 3) to base 14
-4d0a
Convert -1212302313 (base 4) to base 14.
-ad62b
Convert -86821 (base 12) to base 6.
-3445241
Convert -3452256 (base 9) to base 12.
-75b343
Convert 2fdb0 (base 16) to base 4.
233312300
What is 1010000100000011 (base 2) in base 16?
a103
What is 10120120221 (base 3) in base 4?
101030032
What is -ca1b (base 16) in base 11?
-35966
Convert -377e2 (base 16) to base 8.
-673742
42de7 (base 15) to base 8
636650
70348 (base 13) to base 12
9803a
1aa2d8 (base 14) to base 13
273545
-13231311 (base 6) to base 8
-1532573
4fff5 (base 16) to base 4
1033333311
What is 1001100011010110001 (base 2) in base 4?
1030122301
Convert 100103122300 (base 4) to base 13.
b683cc
340473 (base 8) to base 12
56677
Convert 5032435 (base 6) to base 12.
b571b
Convert -10012011110011 (base 3) to base 8.
-6360356
30c1dc (base 15) to base 7
25466046
Convert 333212023 (base 5) to base 16.
164827
Convert -21304322 (base 6) to base 10.
-630842
312224 (base 6) to base 12
12674
1201010210011 (base 3) to base 7
10501513
-1116530 (base 8) to base 11
-197241
What is 321a45 (base 14) in base 5?
413220234
-868aa (base 12) to base 5
-21140123
-201231320233 (base 4) to base 14
-126115d
What is 7b2282 (base 14) in base 8?
17776072
What is 31424030 (base 5) in base 9?
442447
10001001100110001000 (base 2) to base 16
89988
Convert -2102100112102 (base 3) to base 5.
-312130340
What is 1171327 (base 9) in base 11?
3a5998
What is -165bb2a (base 12) in base 11?
-2664572
Convert 2001222111 (base 3) to base 13.
15763
What is -221795 (base 12) in base 13?
-15c902
Convert -3113131 (base 5) to base 4.
-30131201
Convert 142980 (base 10) to base 12.
6a8b0
Convert 7c261 (base 13) to base 2.
110111010110010100
2968425 (base 10) to base 12
bb1a09
Convert 88618 (base 15) to base 10.
433373
Convert -230f27 (base 16) to base 3.
-11022201202202
Convert -66211 (base 14) to base 15.
-4d462
What is 4677 (base 13) in base 14?
3872
What is 346046 (base 9) in base 6?
4242023
What is 21200141 (base 5) in base 15?
37bd1
-1069866 (base 11) to base 15
-26ebd6
What is -2003231031 (base 4) in base 6?
-15321313
What is -266b6 (base 12) in base 3?
-2200111010
What is 10231030 (base 4) in base 3?
222102221
Convert -383586 (base 9) to base 7.
-1655163
What is -8e655f (base 16) in base 10?
-9332063
What is -171243 (base 10) in base 16?
-29ceb
What is -351073 (base 9) in base 7?
-1535265
What is a911bc (base 14) in base 5?
2431231330
What is 381607 (base 9) in base 15?
48607
Convert 78a35 (base 16) to base 15.
9b623
Convert 7d7572 (base 14) to base 7.
51263102
What is -2013445 (base 8) in base 3?
-222221022112
What is -3618707 (base 10) in base 4?
-31303132103
What is 1100101111101001 (base 2) in base 10?
52201
Convert 356c48 (base 14) to base 2.
110111101011010110000
What is -43165351 (base 7) in base 10?
-3680230
Convert -245133 (base 16) to b